 5261 a prime number?
True
Is 25663 composite?
True
Is 1901461 composite?
False
Is 35693 a prime number?
False
Is 98863 composite?
True
Is 152363 prime?
True
Is 37 a composite number?
False
Is 185 composite?
True
Is 44867 a composite number?
False
Is 73939 prime?
True
Is 1623 prime?
False
Is 545533 prime?
True
Is 38431 a composite number?
False
Is 59 a composite number?
False
Is 118147 a prime number?
True
Is 26041 composite?
False
Is 8329 a composite number?
False
Is 235301 a prime number?
False
Is 1839737 composite?
False
Is 2097014 composite?
True
Is 107641 a composite number?
False
Is 14979 composite?
True
Is 5223 prime?
False
Is 133153 a prime number?
True
Is 1969 a composite number?
True
Is 70631 a composite number?
True
Is 24177 prime?
False
Is 7453 a prime number?
False
Is 90443 prime?
False
Is 13963 composite?
False
Is 122693 composite?
False
Is 123383 a prime number?
False
Is 60251 prime?
True
Is 331 a composite number?
False
Is 130729 prime?
True
Is 152158 a prime number?
False
Is 74149 a prime number?
True
Is 4320341 prime?
True
Is 203 a prime number?
False
Is 90061 a prime number?
False
Is 317321 prime?
True
Is 8147 prime?
True
Is 50533 composite?
True
Is 167605 a prime number?
False
Is 7283 composite?
False
Is 2684977 prime?
True
Is 8301 prime?
False
Is 8597913 a prime number?
False
Is 3829 a composite number?
True
Is 3007 composite?
True
Is 36433 prime?
True
Is 5114 composite?
True
Is 1003 a prime number?
False
Is 7207 a composite number?
False
Is 22247 composite?
False
Is 36599 composite?
False
Is 29923 composite?
True
Is 14107 prime?
True
Is 433891 a composite number?
True
Is 161698 composite?
True
Is 5501 composite?
False
Is 707347 prime?
False
Is 60511 prime?
False
Is 29357 a composite number?
True
Is 44159 prime?
True
Is 199453 a prime number?
True
Is 6866 a prime number?
False
Is 12151 prime?
False
Is 5833 a prime number?
False
Is 419383 a composite number?
False
Is 805967 a composite number?
False
Is 139589 a composite number?
False
Is 26797 composite?
True
Is 153886 a composite number?
True
Is 70427 a prime number?
False
Is 10753 composite?
False
Is 415619 prime?
False
Is 18329 prime?
True
Is 907 a composite number?
False
Is 68683 a prime number?
True
Is 1331021 composite?
True
Is 83297 composite?
True
Is 16053 a composite number?
True
Is 127507 a prime number?
True
Is 41759 a prime number?
True
Is 193463 a composite number?
False
Is 433961 a prime number?
False
Is 218761 composite?
False
Is 3109 composite?
False
Is 54097 a composite number?
True
Is 1985791 a prime number?
True
Is 88687 a composite number?
True
Is 2047 composite?
True
Is 576763 a composite number?
True
Is 8581 a composite number?
False
Is 46855 prime?
False
Is 5137 prime?
False
Is 15415 a prime number?
False
Is 86923 composite?
False
Is 54751 a prime number?
True
Is 14253 a prime number?
False
Is 246157 prime?
False
Is 65051 prime?
False
Is 7237 a prime number?
True
Is 658163 composite?
True
Is 9017 a composite number?
True
Is 19027 a prime number?
False
Is 311737 composite?
False
Is 22609 prime?
False
Is 96047 prime?
False
Is 31357 a composite number?
False
Is 137143 prime?
True
Is 213853 a composite number?
True
Is 38389 a prime number?
False
Is 14909 prime?
False
Is 94811 composite?
False
Is 12589 a composite number?
False
Is 75443 a composite number?
True
Is 2803853 a composite number?
True
Is 58585 a composite number?
True
Is 737 composite?
True
Is 550733 a composite number?
False
Is 9771 prime?
False
Is 181499 prime?
True
Is 2269 a prime number?
True
Is 1892479 a composite number?
True
Is 2054923 prime?
False
Is 20563 composite?
False
Is 56393 a prime number?
True
Is 926273 a composite number?
False
Is 3217519 a composite number?
False
Is 597473 a composite number?
False
Is 4799 composite?
False
Is 297961 a prime number?
False
Is 10307 prime?
False
Is 19999 a composite number?
True
Is 325477 prime?
True
Is 15461 a composite number?
False
Is 641 a prime number?
True
Is 9249 composite?
True
Is 4561 a composite number?
False
Is 53849 a composite number?
False
Is 3397 composite?
True
Is 49573 composite?
True
Is 1253249 a composite number?
False
Is 7607 a composite number?
False
Is 20911 prime?
False
Is 262433 composite?
False
Is 8161 composite?
False
Is 127 a composite number?
False
Is 163243 prime?
True
Is 1002619 prime?
True
Is 962203 prime?
False
Is 87031 composite?
True
Is 4507 a prime number?
True
Is 308467 a prime number?
True
Is 105727 composite?
False
Is 955 composite?
True
Is 282113 a composite number?
True
Is 3407 a prime number?
True
Is 791 a prime number?
False
Is 96218 prime?
False
Is 2469 a prime number?
False
Is 55747 prime?
False
Is 63443 composite?
False
Is 8413 prime?
False
Is 467527 prime?
True
Is 94201 prime?
True
Is 332707 a composite number?
True
Is 262387 a prime number?
True
Is 3946 prime?
False
Is 41653 a composite number?
True
Is 577903 a prime number?
False
Is 438001 prime?
True
Is 75869 composite?
False
Is 64777 composite?
True
Is 218071 a composite number?
True
Is 2009639 composite?
False
Is 1781 prime?
False
Is 61799 a prime number?
False
Is 1169323 composite?
False
Is 55799 a composite number?
False
Is 4999 prime?
True
Is 293399 a composite number?
False
Is 749761 a composite number?
False
Is 1588937 a composite number?
True
Is 13913 a composite number?
False
Is 642919 a composite number?
True
Is 1994 prime?
False
Is 57415 prime?
False
Is 39363 composite?
True
Is 21241 a prime number?
False
Is 10357 composite?
False
Is 99001 prime?
False
Is 220721 composite?
False
Is 305839 a prime number?
True
Is 22189 a prime number?
True
Is 3506519 prime?
True
Is 4127 composite?
False
Is 33727 prime?
False
Is 1461 a composite number?
True
Is 19111 a prime number?
False
Is 3649 a prime number?
False
Is 14267 prime?
False
Is 30565 prime?
False
Is 51449 a composite number?
False
Is 18101 composite?
True
Is 90353 composite?
False
Is 86897 composite?
True
Is 566521 a prime number?
True
Is 4219 a composite number?
False
Is 26237 a composite number?
False
Is 75767 a composite number?
False
Is 198899 prime?
True
Is 124409 a composite number?
True
Is 394397 composite?
True
Is 449 prime?
True
Is 92033 a prime number?
True
Is 22853 a prime number?
True
Is 24317 prime?
True
Is 5815 a prime number?
False
Is 7283 composite?
False
Is 678149 a composite number?
True
Is 14519 a prime number?
True
Is 120095 a prime number?
False
Is 163519 prime?
False
Is 149469 a composite number?
True
Is 140969 a composite number?
True
Is 7045 a prime number?
False
Is 83299 prime?
True
Is 4271 a composite number?
False
Is 163771 a prime number?
True
Is 680665 composite?
True
Is 229243 a composite number?
True
Is 183053 composite?
True
Is 217383 a prime number?
False
Is 173695 a prime number?
False
Is 173969 a prime number?
True
Is 683651 composite?
False
Is 607249 composite?
False
Is 1987 composite?
False
Is 6167 a composite number?
True
Is 4391 composite?
False
Is 11741 prime?
False
Is 300671 a composite number?
True
Is 28961 composite?
False
Is 1480477 a prime number?
False
Is 587 composite?
False
Is 138239 composite?
False
Is 3637 prime?
True
Is 312599 prime?
False
Is 12661 a prime number?
False
Is 3163 composite?
False
Is 1912114 a composite number?
True
Is 20599 prime?
True
Is 208417 prime?
False
Is 871 a composite number?
True
Is 16355 a prime number?
False
Is 283601 composite?
False
Is 282127 a prime number?
True
Is 59921 composite?
False
Is 787019 composite?
True
Is 322939 composite?
False
Is 556229 a composite number?
False
Is 22723 a composite number?
True
Is 745109 prime?
False
Is 37581 a composite number?
True
Is 2927 composite?
False
Is 1996061 prime?
True
Is 41267 composite?
True
Is 497615 prime?
False
Is 52067 prime?
True
Is 222659 prime?
True
Is 65677 prime?
True
Is 128182 a composite number?
True
Is 2153 a prime number?
True
Is 4253 a composite number?
False
Is 2545343 a composite number?
False
Is 9901 a prime number?
True
Is 121651 a prime number?
False
Is 5669 prime?
True
Is 6449 a composite number?
False
Is 5599 composite?
True
Is 496579 a composite number?
False
Is 26 composite?
True
Is 15437 composite?
True
Is 1928869 a composite number?
False
Is 80723 a prime number?
False
Is 333253 a composite number?
False
Is 85222 a prime number?
False
Is